{"id":1901,"date":"2012-04-20T16:44:59","date_gmt":"2012-04-20T16:44:59","guid":{"rendered":"https:\/\/www.freiburg-schwarzwald.de\/blog\/wp-content\/uploads\/2012\/04\/kanonenplatz10pan-060608.jpg"},"modified":"2012-04-20T16:44:59","modified_gmt":"2012-04-20T16:44:59","slug":"kanonenplatz10pan-060608","status":"inherit","type":"attachment","link":"https:\/\/www.freiburg-schwarzwald.de\/blog\/kultur\/oeffentlicher-raum\/kanonenplatz10pan-060608\/","title":{"rendered":"kanonenplatz10pan-060608"},"author":2,"featured_media":0,"comment_status":"open","ping_status":"closed","template":"","meta":[],"class_list":["post-1901","attachment","type-attachment","status-inherit","hentry"],"description":{"rendered":"<p class=\"attachment\"><a href='https:\/\/www.freiburg-schwarzwald.de\/blog\/wp-content\/uploads\/2012\/04\/kanonenplatz10pan-060608.jpg'><img loading=\"lazy\" decoding=\"async\" width=\"640\" height=\"222\" src=\"https:\/\/www.freiburg-schwarzwald.de\/blog\/wp-content\/uploads\/2012\/04\/kanonenplatz10pan-060608-640x222.jpg\" class=\"attachment-medium size-medium\" alt=\"\" srcset=\"https:\/\/www.freiburg-schwarzwald.de\/blog\/wp-content\/uploads\/2012\/04\/kanonenplatz10pan-060608-640x222.jpg 640w, https:\/\/www.freiburg-schwarzwald.de\/blog\/wp-content\/uploads\/2012\/04\/kanonenplatz10pan-060608-180x62.jpg 180w, https:\/\/www.freiburg-schwarzwald.de\/blog\/wp-content\/uploads\/2012\/04\/kanonenplatz10pan-060608.jpg 642w\" sizes=\"auto, (max-width: 640px) 100vw, 640px\" \/><\/a><\/p>\n"},"caption":{"rendered":"<p>Blick nach S\u00fcden \u00fcber den Kanonenplatz am 8.6.2006 um 19 Uhr &#8211; auch ein \u00f6ffentlicher Raum! <a href=\"https:\/\/www.freiburg-schwarzwald.de\/blog\/kultur\/oeffentlicher-raum\/kanonenplatz10pan-060608\/\">Weiterlesen <span class=\"meta-nav\">&rarr;<\/span><\/a><\/p>\n"},"alt_text":"","media_type":"image","mime_type":"image\/jpeg","media_details":{"width":"642","height":"223","hwstring_small":"height='44' width='128'","file":"2012\/04\/kanonenplatz10pan-060608.jpg","sizes":{"thumbnail":{"file":"kanonenplatz10pan-060608-180x62.jpg","width":"180","height":"62","source_url":"https:\/\/www.freiburg-schwarzwald.de\/blog\/wp-content\/uploads\/2012\/04\/kanonenplatz10pan-060608-180x62.jpg"},"medium":{"file":"kanonenplatz10pan-060608-640x222.jpg","width":"640","height":"222","source_url":"https:\/\/www.freiburg-schwarzwald.de\/blog\/wp-content\/uploads\/2012\/04\/kanonenplatz10pan-060608-640x222.jpg"},"post-thumbnail":{"file":"kanonenplatz10pan-060608-642x198.jpg","width":"642","height":"198","source_url":"https:\/\/www.freiburg-schwarzwald.de\/blog\/wp-content\/uploads\/2012\/04\/kanonenplatz10pan-060608-642x198.jpg"},"full":{"file":"kanonenplatz10pan-060608.jpg","width":642,"height":223,"mime_type":"image\/jpeg","source_url":"https:\/\/www.freiburg-schwarzwald.de\/blog\/wp-content\/uploads\/2012\/04\/kanonenplatz10pan-060608.jpg"}},"image_meta":{"aperture":"0","credit":"","camera":"","caption":"","created_timestamp":"0","copyright":"","focal_length":"0","iso":"0","shutter_speed":"0","title":""}},"post":1898,"source_url":"https:\/\/www.freiburg-schwarzwald.de\/blog\/wp-content\/uploads\/2012\/04\/kanonenplatz10pan-060608.jpg","_links":{"self":[{"href":"https:\/\/www.freiburg-schwarzwald.de\/blog\/wp-json\/wp\/v2\/media\/1901","targetHints":{"allow":["GET"]}}],"collection":[{"href":"https:\/\/www.freiburg-schwarzwald.de\/blog\/wp-json\/wp\/v2\/media"}],"about":[{"href":"https:\/\/www.freiburg-schwarzwald.de\/blog\/wp-json\/wp\/v2\/types\/attachment"}],"author":[{"embeddable":true,"href":"https:\/\/www.freiburg-schwarzwald.de\/blog\/wp-json\/wp\/v2\/users\/2"}],"replies":[{"embeddable":true,"href":"https:\/\/www.freiburg-schwarzwald.de\/blog\/wp-json\/wp\/v2\/comments?post=1901"}],"wp:attached-to":[{"embeddable":true,"post_type":"page","id":1898,"href":"https:\/\/www.freiburg-schwarzwald.de\/blog\/wp-json\/wp\/v2\/pages\/1898"}],"curies":[{"name":"wp","href":"https:\/\/api.w.org\/{rel}","templated":true}]}}

<p>Blick nach Süden über den Kanonenplatz am 8.6.2006 um 19 Uhr &#8211; auch ein öffentlicher Raum! <a href="https://www.freiburg-schwarzwald.de/blog/kultur/oeffentlicher-raum/kanonenplatz10pan-060608/">Weiterlesen <span class="meta-nav">&rarr;</span></a></p>
