{"id":17930,"date":"2012-12-15T21:11:32","date_gmt":"2012-12-15T20:11:32","guid":{"rendered":"https:\/\/www.freiburg-schwarzwald.de\/blog\/wp-content\/uploads\/2012\/12\/neuhaeusle-schweighoefe-pan110615.jpg"},"modified":"2012-12-15T21:11:32","modified_gmt":"2012-12-15T20:11:32","slug":"neuhaeusle-schweighoefe-pan110615","status":"inherit","type":"attachment","link":"https:\/\/www.freiburg-schwarzwald.de\/blog\/regio\/orte\/stmaergen\/schweighoefe\/neuhaeusle-schweighoefe-pan110615\/","title":{"rendered":"neuhaeusle-schweighoefe-pan110615"},"author":4,"featured_media":0,"comment_status":"open","ping_status":"closed","template":"","meta":[],"class_list":["post-17930","attachment","type-attachment","status-inherit","hentry"],"description":{"rendered":"<p class=\"attachment\"><a href='https:\/\/www.freiburg-schwarzwald.de\/blog\/wp-content\/uploads\/2012\/12\/neuhaeusle-schweighoefe-pan110615.jpg'><img loading=\"lazy\" decoding=\"async\" width=\"603\" height=\"236\" src=\"https:\/\/www.freiburg-schwarzwald.de\/blog\/wp-content\/uploads\/2012\/12\/neuhaeusle-schweighoefe-pan110615.jpg\" class=\"attachment-medium size-medium\" alt=\"\" srcset=\"https:\/\/www.freiburg-schwarzwald.de\/blog\/wp-content\/uploads\/2012\/12\/neuhaeusle-schweighoefe-pan110615.jpg 603w, https:\/\/www.freiburg-schwarzwald.de\/blog\/wp-content\/uploads\/2012\/12\/neuhaeusle-schweighoefe-pan110615-180x70.jpg 180w\" sizes=\"auto, (max-width: 603px) 100vw, 603px\" \/><\/a><\/p>\n"},"caption":{"rendered":"<p>Blick vom Neuh\u00e4usle nach S\u00fcden zu den Schweigh\u00f6fen mitsamt Thurner am 15.6.2011 <a href=\"https:\/\/www.freiburg-schwarzwald.de\/blog\/regio\/orte\/stmaergen\/schweighoefe\/neuhaeusle-schweighoefe-pan110615\/\">Weiterlesen <span class=\"meta-nav\">&rarr;<\/span><\/a><\/p>\n"},"alt_text":"","media_type":"image","mime_type":"image\/jpeg","media_details":{"width":"603","height":"236","hwstring_small":"height='50' width='128'","file":"2012\/12\/neuhaeusle-schweighoefe-pan110615.jpg","sizes":{"thumbnail":{"file":"neuhaeusle-schweighoefe-pan110615-180x70.jpg","width":"180","height":"70","source_url":"https:\/\/www.freiburg-schwarzwald.de\/blog\/wp-content\/uploads\/2012\/12\/neuhaeusle-schweighoefe-pan110615-180x70.jpg"},"post-thumbnail":{"file":"neuhaeusle-schweighoefe-pan110615-603x198.jpg","width":"603","height":"198","source_url":"https:\/\/www.freiburg-schwarzwald.de\/blog\/wp-content\/uploads\/2012\/12\/neuhaeusle-schweighoefe-pan110615-603x198.jpg"},"full":{"file":"neuhaeusle-schweighoefe-pan110615.jpg","width":603,"height":236,"mime_type":"image\/jpeg","source_url":"https:\/\/www.freiburg-schwarzwald.de\/blog\/wp-content\/uploads\/2012\/12\/neuhaeusle-schweighoefe-pan110615.jpg"}},"image_meta":{"aperture":"0","credit":"","camera":"","caption":"","created_timestamp":"0","copyright":"","focal_length":"0","iso":"0","shutter_speed":"0","title":""}},"post":17915,"source_url":"https:\/\/www.freiburg-schwarzwald.de\/blog\/wp-content\/uploads\/2012\/12\/neuhaeusle-schweighoefe-pan110615.jpg","_links":{"self":[{"href":"https:\/\/www.freiburg-schwarzwald.de\/blog\/wp-json\/wp\/v2\/media\/17930","targetHints":{"allow":["GET"]}}],"collection":[{"href":"https:\/\/www.freiburg-schwarzwald.de\/blog\/wp-json\/wp\/v2\/media"}],"about":[{"href":"https:\/\/www.freiburg-schwarzwald.de\/blog\/wp-json\/wp\/v2\/types\/attachment"}],"author":[{"embeddable":true,"href":"https:\/\/www.freiburg-schwarzwald.de\/blog\/wp-json\/wp\/v2\/users\/4"}],"replies":[{"embeddable":true,"href":"https:\/\/www.freiburg-schwarzwald.de\/blog\/wp-json\/wp\/v2\/comments?post=17930"}],"wp:attached-to":[{"embeddable":true,"post_type":"page","id":17915,"href":"https:\/\/www.freiburg-schwarzwald.de\/blog\/wp-json\/wp\/v2\/pages\/17915"}],"curies":[{"name":"wp","href":"https:\/\/api.w.org\/{rel}","templated":true}]}}

<p>Blick vom Neuhäusle nach Süden zu den Schweighöfen mitsamt Thurner am 15.6.2011 <a href="https://www.freiburg-schwarzwald.de/blog/regio/orte/stmaergen/schweighoefe/neuhaeusle-schweighoefe-pan110615/">Weiterlesen <span class="meta-nav">&rarr;</span></a></p>
