{"id":14737,"date":"2012-11-07T15:04:32","date_gmt":"2012-11-07T14:04:32","guid":{"rendered":"https:\/\/www.freiburg-schwarzwald.de\/blog\/wp-content\/uploads\/2012\/05\/wiwili-bruecke2pan-110108.jpg"},"modified":"2012-11-07T15:04:32","modified_gmt":"2012-11-07T14:04:32","slug":"wiwili-bruecke2pan-110108","status":"inherit","type":"attachment","link":"https:\/\/www.freiburg-schwarzwald.de\/blog\/regio\/freiburg\/blaue-bruecke\/wiwili-bruecke2pan-110108\/","title":{"rendered":"wiwili-bruecke2pan-110108"},"author":4,"featured_media":0,"comment_status":"open","ping_status":"closed","template":"","meta":[],"class_list":["post-14737","attachment","type-attachment","status-inherit","hentry"],"description":{"rendered":"<p class=\"attachment\"><a href='https:\/\/www.freiburg-schwarzwald.de\/blog\/wp-content\/uploads\/2012\/05\/wiwili-bruecke2pan-110108.jpg'><img loading=\"lazy\" decoding=\"async\" width=\"598\" height=\"222\" src=\"https:\/\/www.freiburg-schwarzwald.de\/blog\/wp-content\/uploads\/2012\/05\/wiwili-bruecke2pan-110108.jpg\" class=\"attachment-medium size-medium\" alt=\"\" srcset=\"https:\/\/www.freiburg-schwarzwald.de\/blog\/wp-content\/uploads\/2012\/05\/wiwili-bruecke2pan-110108.jpg 598w, https:\/\/www.freiburg-schwarzwald.de\/blog\/wp-content\/uploads\/2012\/05\/wiwili-bruecke2pan-110108-180x66.jpg 180w\" sizes=\"auto, (max-width: 598px) 100vw, 598px\" \/><\/a><\/p>\n"},"caption":{"rendered":"<p>Blick nach Westen \u00fcber die Wiwili-Br\u00fccke (Blaue Br\u00fccke) am 8.1.2011 zur St\u00fchlinger-Kirche: M\u00fcll-Mahnmal von Franz <a href=\"https:\/\/www.freiburg-schwarzwald.de\/blog\/regio\/freiburg\/blaue-bruecke\/wiwili-bruecke2pan-110108\/\">Weiterlesen <span class=\"meta-nav\">&rarr;<\/span><\/a><\/p>\n"},"alt_text":"","media_type":"image","mime_type":"image\/jpeg","media_details":{"width":"598","height":"222","hwstring_small":"height='47' width='128'","file":"2012\/05\/wiwili-bruecke2pan-110108.jpg","sizes":{"thumbnail":{"file":"wiwili-bruecke2pan-110108-180x66.jpg","width":"180","height":"66","source_url":"https:\/\/www.freiburg-schwarzwald.de\/blog\/wp-content\/uploads\/2012\/05\/wiwili-bruecke2pan-110108-180x66.jpg"},"post-thumbnail":{"file":"wiwili-bruecke2pan-110108-598x198.jpg","width":"598","height":"198","source_url":"https:\/\/www.freiburg-schwarzwald.de\/blog\/wp-content\/uploads\/2012\/05\/wiwili-bruecke2pan-110108-598x198.jpg"},"full":{"file":"wiwili-bruecke2pan-110108.jpg","width":598,"height":222,"mime_type":"image\/jpeg","source_url":"https:\/\/www.freiburg-schwarzwald.de\/blog\/wp-content\/uploads\/2012\/05\/wiwili-bruecke2pan-110108.jpg"}},"image_meta":{"aperture":"0","credit":"","camera":"","caption":"","created_timestamp":"0","copyright":"","focal_length":"0","iso":"0","shutter_speed":"0","title":""}},"post":3397,"source_url":"https:\/\/www.freiburg-schwarzwald.de\/blog\/wp-content\/uploads\/2012\/05\/wiwili-bruecke2pan-110108.jpg","filename":"wiwili-bruecke2pan-110108.jpg","filesize":58243,"_links":{"self":[{"href":"https:\/\/www.freiburg-schwarzwald.de\/blog\/wp-json\/wp\/v2\/media\/14737","targetHints":{"allow":["GET"]}}],"collection":[{"href":"https:\/\/www.freiburg-schwarzwald.de\/blog\/wp-json\/wp\/v2\/media"}],"about":[{"href":"https:\/\/www.freiburg-schwarzwald.de\/blog\/wp-json\/wp\/v2\/types\/attachment"}],"author":[{"embeddable":true,"href":"https:\/\/www.freiburg-schwarzwald.de\/blog\/wp-json\/wp\/v2\/users\/4"}],"replies":[{"embeddable":true,"href":"https:\/\/www.freiburg-schwarzwald.de\/blog\/wp-json\/wp\/v2\/comments?post=14737"}],"wp:attached-to":[{"embeddable":true,"post_type":"page","id":3397,"href":"https:\/\/www.freiburg-schwarzwald.de\/blog\/wp-json\/wp\/v2\/pages\/3397"}],"curies":[{"name":"wp","href":"https:\/\/api.w.org\/{rel}","templated":true}]}}

<p>Blick nach Westen über die Wiwili-Brücke (Blaue Brücke) am 8.1.2011 zur Stühlinger-Kirche: Müll-Mahnmal von Franz <a href="https://www.freiburg-schwarzwald.de/blog/regio/freiburg/blaue-bruecke/wiwili-bruecke2pan-110108/">Weiterlesen <span class="meta-nav">&rarr;</span></a></p>
