{"id":1229,"date":"2012-04-12T17:03:07","date_gmt":"2012-04-12T17:03:07","guid":{"rendered":"https:\/\/www.freiburg-schwarzwald.de\/blog\/wp-content\/uploads\/2012\/03\/stpeter1pan-071222.jpg"},"modified":"2022-01-20T13:55:28","modified_gmt":"2022-01-20T12:55:28","slug":"stpeter1pan-071222","status":"inherit","type":"attachment","link":"https:\/\/www.freiburg-schwarzwald.de\/blog\/sport\/stpeter1pan-071222\/","title":{"rendered":"stpeter1pan-071222"},"author":2,"featured_media":0,"comment_status":"open","ping_status":"closed","template":"","meta":[],"class_list":["post-1229","attachment","type-attachment","status-inherit","hentry"],"description":{"rendered":"<p class=\"attachment\"><a href='https:\/\/www.freiburg-schwarzwald.de\/blog\/wp-content\/uploads\/2012\/03\/stpeter1pan-071222.jpg'><img loading=\"lazy\" decoding=\"async\" width=\"601\" height=\"189\" src=\"https:\/\/www.freiburg-schwarzwald.de\/blog\/wp-content\/uploads\/2012\/03\/stpeter1pan-071222.jpg\" class=\"attachment-medium size-medium\" alt=\"\" srcset=\"https:\/\/www.freiburg-schwarzwald.de\/blog\/wp-content\/uploads\/2012\/03\/stpeter1pan-071222.jpg 601w, https:\/\/www.freiburg-schwarzwald.de\/blog\/wp-content\/uploads\/2012\/03\/stpeter1pan-071222-180x56.jpg 180w\" sizes=\"auto, (max-width: 601px) 100vw, 601px\" \/><\/a><\/p>\n<p>Blick nach Westen \u00fcber St.Peter und Rheintal-Nebel zu den Vogesen am 22.12.2007 &#8211; Windr\u00e4der Ro\u00dfkopf links<\/p>\n"},"caption":{"rendered":"<p>Blick nach Westen \u00fcber St.Peter und Rheintal-Nebel zu den Vogesen am 22.12.2007 &#8211; Windr\u00e4der Ro\u00dfkopf links <a href=\"https:\/\/www.freiburg-schwarzwald.de\/blog\/sport\/stpeter1pan-071222\/\">Weiterlesen <span class=\"meta-nav\">&rarr;<\/span><\/a><\/p>\n"},"alt_text":"","media_type":"image","mime_type":"image\/jpeg","media_details":{"width":"601","height":"189","hwstring_small":"height='40' width='128'","file":"2012\/03\/stpeter1pan-071222.jpg","sizes":{"thumbnail":{"file":"stpeter1pan-071222-180x56.jpg","width":"180","height":"56","source_url":"https:\/\/www.freiburg-schwarzwald.de\/blog\/wp-content\/uploads\/2012\/03\/stpeter1pan-071222-180x56.jpg"},"full":{"file":"stpeter1pan-071222.jpg","width":601,"height":189,"mime_type":"image\/jpeg","source_url":"https:\/\/www.freiburg-schwarzwald.de\/blog\/wp-content\/uploads\/2012\/03\/stpeter1pan-071222.jpg"}},"image_meta":{"aperture":"0","credit":"","camera":"","caption":"","created_timestamp":"0","copyright":"","focal_length":"0","iso":"0","shutter_speed":"0","title":""}},"post":47,"source_url":"https:\/\/www.freiburg-schwarzwald.de\/blog\/wp-content\/uploads\/2012\/03\/stpeter1pan-071222.jpg","_links":{"self":[{"href":"https:\/\/www.freiburg-schwarzwald.de\/blog\/wp-json\/wp\/v2\/media\/1229","targetHints":{"allow":["GET"]}}],"collection":[{"href":"https:\/\/www.freiburg-schwarzwald.de\/blog\/wp-json\/wp\/v2\/media"}],"about":[{"href":"https:\/\/www.freiburg-schwarzwald.de\/blog\/wp-json\/wp\/v2\/types\/attachment"}],"author":[{"embeddable":true,"href":"https:\/\/www.freiburg-schwarzwald.de\/blog\/wp-json\/wp\/v2\/users\/2"}],"replies":[{"embeddable":true,"href":"https:\/\/www.freiburg-schwarzwald.de\/blog\/wp-json\/wp\/v2\/comments?post=1229"}],"wp:attached-to":[{"embeddable":true,"post_type":"page","id":47,"href":"https:\/\/www.freiburg-schwarzwald.de\/blog\/wp-json\/wp\/v2\/pages\/47"}],"curies":[{"name":"wp","href":"https:\/\/api.w.org\/{rel}","templated":true}]}}

<p class="attachment"><a href='https://www.freiburg-schwarzwald.de/blog/wp-content/uploads/2012/03/stpeter1pan-071222.jpg'><img loading="lazy" decoding="async" width="601" height="189" src="https://www.freiburg-schwarzwald.de/blog/wp-content/uploads/2012/03/stpeter1pan-071222.jpg" class="attachment-medium size-medium" alt="" srcset="https://www.freiburg-schwarzwald.de/blog/wp-content/uploads/2012/03/stpeter1pan-071222.jpg 601w, https://www.freiburg-schwarzwald.de/blog/wp-content/uploads/2012/03/stpeter1pan-071222-180x56.jpg 180w" sizes="auto, (max-width: 601px) 100vw, 601px" /></a></p>
<p>Blick nach Westen über St.Peter und Rheintal-Nebel zu den Vogesen am 22.12.2007 &#8211; Windräder Roßkopf links</p>

<p>Blick nach Westen über St.Peter und Rheintal-Nebel zu den Vogesen am 22.12.2007 &#8211; Windräder Roßkopf links <a href="https://www.freiburg-schwarzwald.de/blog/sport/stpeter1pan-071222/">Weiterlesen <span class="meta-nav">&rarr;</span></a></p>
